 + 4*d - 58. What are the prime factors of d?
3, 7
Let i(d) = 4*d**2 + 2*d + 1. Let k be i(-1). Suppose -k*a + 15 = 2*c, 3*c - 7 - 25 = 5*a. List the prime factors of c.
3
Let j(t) = t**2 - 4*t + 18. What are the prime factors of j(9)?
3, 7
Suppose -7*v + 156 = -3*v. List the prime factors of v.
3, 13
Let d(l) = 2*l**3 + l**2 + 2*l + 1. Let c(n) = n**3 - 5*n**2 - 6*n + 2. Let p be c(6). What are the prime factors of d(p)?
5
Let c be ((-3)/2)/(2/(-48)). Suppose 5*a = 3*a + c. List the prime factors of a.
2, 3
Let b = 19 + 117. What are the prime factors of b?
2, 17
Suppose -1 - 14 = -3*j. Let d(g) = 3*g**2 - j*g**2 + 3*g**2 + 1. List the prime factors of d(-3).
2, 5
Let k(l) = l**2 + 3*l + 1. List the prime factors of k(-6).
19
Suppose 0 = -u + 4*t - 2*t + 98, -4*t - 384 = -4*u. List the prime factors of u.
2, 47
Let o(x) be the third derivative of x**5/60 + x**4/3 - 7*x**3/3 + 3*x**2. List the prime factors of o(-10).
2, 3
Let m = -561 - -803. What are the prime factors of m?
2, 11
What are the prime factors of (-2)/(-4)*39*32/6?
2, 13
What are the prime factors of ((-11)/(-3))/((-3)/(-45))?
5, 11
Suppose 5*n + 2*u - 10 = 0, -4*n + 7*u + 8 = 3*u. Suppose 5*c - n*c - 18 = 0. What are the prime factors of 0 + 3*14/c?
7
Let y be 12/3*13/4. Let i = 25 - y. Suppose 0*q - q + i = 0. List the prime factors of q.
2, 3
Let k(q) = 12*q**2 + 3*q**3 - 10*q + 8*q**2 - 2*q**2 - 16. Let o(t) = 2*t**3 + 12*t**2 - 7*t - 11. Let z(f) = 5*k(f) - 8*o(f). List the prime factors of z(-7).
3, 5
Suppose 0 = 4*d + 5*q - 4, -5*d - 5*q + q + 5 = 0. Let o be 1 - (-1 + d*-3). Suppose -5*h + 35 + o = 0. List the prime factors of h.
2
Let a = -1 - 1. Suppose 5*w + 3*j - 70 = 0, w + 0*w + 2*j - 21 = 0. Let z = w + a. What are the prime factors of z?
3
Suppose -y = -5*k + 220, -3*y = -4*k - y + 170. List the prime factors of k.
3, 5
Let q(y) = y**3 - 2*y**2 - 2*y + 2. Let p = -4 + 7. Suppose -r - p*b - 3 = r, -2*r = b - 3. What are the prime factors of q(r)?
5
Suppose -2*c + 62 + 154 = 0. What are the prime factors of c?
2, 3
Suppose 11 = 7*k - 6*k. List the prime factors of k.
11
Let f(x) = x**2 - 5*x - 7. Let p(n) = -n**2 + 2*n + 3. Let r(k) = -3*f(k) - 7*p(k). What are the prime factors of r(1)?
5
Let u(w) = 15*w + 7. List the prime factors of u(26).
397
Let l be (-32)/(-6) - 3/9. Let i be 2 - (-1 + l) - 1. Let x = 13 + i. List the prime factors of x.
2, 5
Let z be (2 - 5)*(-2)/(-6). Let y = z - -3. What are the prime factors of y?
2
Suppose -10 - 54 = -2*a + 2*u, 5*a = 3*u + 170. What are the prime factors of a?
37
Let n(h) = 42*h**3 - h. Let t = -2 - -3. What are the prime factors of n(t)?
41
Let f(l) be the first derivative of -l**4/2 + l**3/3 + 3*l**2/2 + l + 2. List the prime factors of f(-2).
3, 5
Suppose -2*a - 26 = -3*l + 2*a, 4*a - 44 = -2*l. List the prime factors of l.
2, 7
Let x(f) = 2*f**3 + 3*f**2 - 6*f + 5. List the prime factors of x(3).
2, 17
Suppose 0 = -h + 8 - 6. What are the prime factors of 134/4 + (-3)/h?
2
Let d(w) = 45*w - 2. List the prime factors of d(1).
43
Let a = -104 + 170. Suppose -5*m + a = -4*r, 4*m + 5*r - 10 = m. List the prime factors of m.
2, 5
Let k(r) = -r**2 - 23*r + 17. Let y be k(-23). Suppose -104 = -3*l + 2*u, l + 2*u - 148 = -3*l. Let s = l - y. List the prime factors of s.
19
Suppose 3*u - 517 = -5*v, 0 = 3*u - u - 2*v - 350. What are the prime factors of u?
2, 3, 29
Let d(s) = -6*s - 1. Let t be d(1). Let j = t - -1. List the prime factors of 2/j - 13/(-3).
2
Suppose -13*c + 667 = -1608. List the prime factors of c.
5, 7
Suppose 89 + 7 = 3*i. What are the prime factors of i?
2
Let g(n) = n**3 + 21*n**2 + 4*n - 43. What are the prime factors of g(-20)?
277
Let l = 13 - 8. Suppose b - 5*j + 65 = l*b, -4*b + j + 35 = 0. List the prime factors of b.
2, 5
Suppose -l + 277 = 2*l + 4*t, -3*l + 4*t = -317. List the prime factors of l.
3, 11
Let m(b) = -2*b + 17. What are the prime factors of m(0)?
17
Let j(y) = 12*y**2 + 2*y + 3. What are the prime factors of j(-2)?
47
Suppose 10 = 4*w - 18. Suppose -2*c - 10 = -w*c. Suppose 0 = 4*p + 5*a - 23, 3*p - 2*a = c*a - 6. List the prime factors of p.
2
Suppose 3*v + p = 657, v + 648 = 4*v + 4*p. What are the prime factors of v?
2, 5, 11
Let q be (1/2)/(4/(-488)). Let i = q - -91. What are the prime factors of i?
2, 3, 5
Let w be (-1 + 22)/(-3) - -3. Let z(d) = -3*d + 1. What are the prime factors of z(w)?
13
Suppose -143 = -4*x + 5*s - 2*s, 3*s = -x + 17. What are the prime factors of x?
2
Let b be 1*5 + 4 + -2. Let o = 4 - b. Let d = o + 13. What are the prime factors of d?
2, 5
List the prime factors of (3 + 8)*6/2.
3, 11
Suppose 4*w - 7 = 13. Suppose -d = -2*d - w*b + 35, 2*d = -b + 61. List the prime factors of d.
2, 3, 5
Suppose -20 = -3*r + u, -u - 2*u - 4 = -2*r. Suppose r*v = 3*v. Suppose -b + v*b = -11. What are the prime factors of b?
11
Let z be (10/8)/((-4)/(-16)). Suppose 2*h - z = 17. What are the prime factors of h?
11
List the prime factors of (4 - 4)/(-3) + 57.
3, 19
Let m(i) = -i - 12. Let b be m(-14). Suppose 4*h - 27 = -2*r + 1, -b*h + 2 = -r. List the prime factors of r.
2, 3
Let s = -9 + 36. List the prime factors of s.
3
Let w(y) = -y**2 - y + 23. What are the prime factors of w(0)?
23
Let z(h) = -h**2 - h - 1. Let x(b) = b**3 + 2*b**2 - 13*b - 6. Let v(l) = x(l) - 4*z(l). What are the prime factors of v(-7)?
2, 3
Let a = -76 + 150. What are the prime factors of a?
2, 37
Let r(j) = -j**3 - j + 5. Let c be r(0). Let p be c/((-15)/(-18)) - 1. Suppose -p*k + d = -79, -2*k + 34 = -0*d - d. List the prime factors of k.
3, 5
Suppose 5*k + t - 13 = 2*t, -2*t = k - 7. Suppose 15 = k*c + a, c + 2*a - 18 = -2*c. Suppose c*i - i - 30 = 0. What are the prime factors of i?
2, 5
Let u = 39 + -12. Let m be -23*(-2)/(-3)*-3. Let b = m - u. List the prime factors of b.
19
Suppose h - 21 = 11. Let k = h + -15. What are the prime factors of k?
17
Suppose -4*x = 3*h - 0*x + 9, -4*h - x + 1 = 0. Let s be -1*(-6 - -3) + h. Suppose -60 = -4*t - t - s*p, -2*p = 3*t - 34. What are the prime factors of t?
2
Let r = 11 + -4. Suppose -2*x + 4*d = -12, -5*x - 2*d + 50 = -r*d. Suppose -k - x = -5*a, 3*k = a + k - 10. List the prime factors of a.
2
Suppose -3*q = 5*u - 839, 2*u + q = 2*q + 329. What are the prime factors of u?
2, 83
Let j be (20/25)/((-2)/10). Let y(c) = -c + 4. List the prime factors of y(j).
2
Suppose -y = -3*d - 4*y + 3, 4*d = 2*y + 10. Suppose -8 = -d*l - 2. Suppose l*s - 65 = -2*s. List the prime factors of s.
13
Suppose 4*k = -2*m + 64, 3*m - 5 = 4*k + 111. List the prime factors of m.
2, 3
Let j = -9 - -15. Suppose 2*s - j = 2. What are the prime factors of s?
2
Suppose u = 4*u - 108. Suppose v + 7 = u. List the prime factors of v.
29
Let w(m) = 61*m**2. Let d be w(-1). Suppose 4*t = 3*b + 39, t + d - 7 = -3*b. Let f = -8 - b. List the prime factors of f.
3
Suppose -462 = -7*x + 5*x. List the prime factors of x.
3, 7, 11
Let w(d) = 4*d + 1. Suppose -5*c = -4*c - 4. List the prime factors of w(c).
17
Let u(d) = -5*d - 5. Let s(p) = p**3 + 7*p**2 + p + 1. Let h be s(-7). List the prime factors of u(h).
5
Let l be (4/(-6))/((-3)/324). Let w = l - 39. Suppose 13 = p - j, -5*p - 5*j = -12 - w. List the prime factors of p.
11
Suppose -2*w - 54 = w. Let q(k) = -k**2 + k + 37. Let z be q(0). Let v = w + z. List the prime factors of v.
19
Let h = 169 + -110. List the prime factors of h.
59
Let f(l) = -l**3 - 2*l**2 + 3*l - 2. Let g be f(2). Let y = -77 - -69. What are the prime factors of (y/(-10))/(g/(-270))?
2, 3
Suppose g - 2*x + 33 = 0, 2*x - 189 = 4*g + g. Suppose 4*q - 16 = 0, 3*m = 7*m + 5*q - 16. What are the prime factors of m + g/(-3) + 0?
2, 3
Suppose -4*y - 4*b + 4 = 0, -5*y + 10 = b - 11. Let d = y - 3. Suppose 3 = d*n - n. List the prime factors of n.
3
Let i(v) = -236*v**3 + 3*v**2 - v - 1. List the prime factors of i(-1).
239
Let n be 2 + -1 + 1 - -13. Let q = n + -5. List the prime factors of q.
2, 5
Let g be (-1)/(-3)*(2 + -59). List the prime factors of g/(-7) + (-8)/(-28).
3
Let f be 18*4/6*1. What are the prime factors of 186/8 + 9/f?
2, 3
Suppose f + 28 = 3*f. What are the prime factors of f?
2, 7
Suppose 0 = -4*j + j - 12, -j = -3*x + 880. What are the prime factors of x?
2, 73
Suppose 7 = 5*c - a, -11 = -5*a + 4. Suppose 0 = -c*v + 3 + 71. What are the pr